{"version":"1.0","provider_name":"La Farandole","provider_url":"https:\/\/lafarandole-vaison.fr\/lafarandole-vaison.fr","author_name":"Camille Leydier","author_url":"https:\/\/lafarandole-vaison.fr\/lafarandole-vaison.fr\/author\/camille\/","title":"Senteurs de Provence - La Farandole","type":"rich","width":600,"height":338,"html":"<blockquote class=\"wp-embedded-content\" data-secret=\"5LhCI2cKX8\"><a href=\"https:\/\/lafarandole-vaison.fr\/lafarandole-vaison.fr\/senteurs-de-provence\/\">Senteurs de Provence<\/a><\/blockquote><iframe sandbox=\"allow-scripts\" security=\"restricted\" src=\"https:\/\/lafarandole-vaison.fr\/lafarandole-vaison.fr\/senteurs-de-provence\/embed\/#?secret=5LhCI2cKX8\" width=\"600\" height=\"338\" title=\"\u00ab\u00a0Senteurs de Provence\u00a0\u00bb &#8212; La Farandole\" data-secret=\"5LhCI2cKX8\" frameborder=\"0\" marginwidth=\"0\" marginheight=\"0\" scrolling=\"no\" class=\"wp-embedded-content\"><\/iframe><script type=\"text\/javascript\">\n\/* <![CDATA[ *\/\n\/*! This file is auto-generated *\/\n!function(d,l){\"use strict\";l.querySelector&&d.addEventListener&&\"undefined\"!=typeof URL&&(d.wp=d.wp||{},d.wp.receiveEmbedMessage||(d.wp.receiveEmbedMessage=function(e){var t=e.data;if((t||t.secret||t.message||t.value)&&!\/[^a-zA-Z0-9]\/.test(t.secret)){for(var s,r,n,a=l.querySelectorAll('iframe[data-secret=\"'+t.secret+'\"]'),o=l.querySelectorAll('blockquote[data-secret=\"'+t.secret+'\"]'),c=new RegExp(\"^https?:$\",\"i\"),i=0;i<o.length;i++)o[i].style.display=\"none\";for(i=0;i<a.length;i++)s=a[i],e.source===s.contentWindow&&(s.removeAttribute(\"style\"),\"height\"===t.message?(1e3<(r=parseInt(t.value,10))?r=1e3:~~r<200&&(r=200),s.height=r):\"link\"===t.message&&(r=new URL(s.getAttribute(\"src\")),n=new URL(t.value),c.test(n.protocol))&&n.host===r.host&&l.activeElement===s&&(d.top.location.href=t.value))}},d.addEventListener(\"message\",d.wp.receiveEmbedMessage,!1),l.addEventListener(\"DOMContentLoaded\",function(){for(var e,t,s=l.querySelectorAll(\"iframe.wp-embedded-content\"),r=0;r<s.length;r++)(t=(e=s[r]).getAttribute(\"data-secret\"))||(t=Math.random().toString(36).substring(2,12),e.src+=\"#?secret=\"+t,e.setAttribute(\"data-secret\",t)),e.contentWindow.postMessage({message:\"ready\",secret:t},\"*\")},!1)))}(window,document);\n\/* ]]> *\/\n<\/script>\n","thumbnail_url":"https:\/\/lafarandole-vaison.fr\/lafarandole-vaison.fr\/wp-content\/uploads\/2016\/03\/panier-des-sens.jpg","thumbnail_width":1716,"thumbnail_height":973,"description":"Nous vous proposons depuis f\u00e9vrier\u00a0une nouvelle gamme de senteurs\u00a0qui nous a s\u00e9duit tant\u00a0par son esth\u00e9tique que par la qualit\u00e9 des produits. En effet, c\u2019est dans le Sud de la France que les produits \u00ab\u00a0Panier des Sens\u00a0\u00bb ont vu le jour. Inspir\u00e9es des mati\u00e8res premi\u00e8res et savoir-faire M\u00e9diterran\u00e9ens, les gammes de soins, de toilette et d\u2019eaux [&hellip;]"}

Nous vous proposons depuis février une nouvelle gamme de senteurs qui nous a séduit tant par son esthétique que par la qualité des produits. En effet, c’est dans le Sud de la France que les produits « Panier des Sens » ont vu le jour. Inspirées des matières premières et savoir-faire Méditerranéens, les gammes de soins, de toilette et d’eaux [&hellip;]
